er when d is divided by 3?
2
Suppose -2*s + y + 103 = 0, -4*s + 212 = y - 5*y. Calculate the remainder when s is divided by 22/2 - (1 - 3).
11
Let y(i) = 6*i**3 - 2*i + 1. Suppose -n + 6 = 2*n. Calculate the remainder when y(1) is divided by n.
1
Suppose -4 = 2*w - 4*q + 2, 24 = 4*w + q. Let o = -2 + w. Let b = -1 - -3. Calculate the remainder when o is divided by b.
1
Let j(x) = x - 2. Let b be j(0). Calculate the remainder when b/7 + 216/21 is divided by 1*(-4)/6*-6.
2
Suppose 4*f = f - 3. Let n = 4 - f. Suppose 4*p = -2*s + 178, 0*s = s + n. What is the remainder when p is divided by 16?
15
Let r(t) = -4*t - 4. What is the remainder when r(-4) is divided by 5?
2
Suppose -150 = -13*l + 8*l. Calculate the remainder when l is divided by 17.
13
Let b(d) be the first derivative of -4*d**2 - 6*d + 3. Let m be b(-4). Suppose 5*o = -m + 116. Calculate the remainder when o is divided by 5.
3
What is the remainder when 37 is divided by (120/2 + -3)*1/3?
18
Let s = -4 + 23. Let h(p) = 2*p**2 - 9*p + 1. Let c be h(6). Suppose -c = -2*r + 1. What is the remainder when s is divided by r?
9
Let o be 3*(4 + (0 - 3)). Suppose o*w = 42 - 0. What is the remainder when 53 is divided by w?
11
Let o be 18/(-3) - 0/(-2). Let t(l) be the first derivative of 2*l**3/3 + 2*l**2 - 5*l - 1. What is the remainder when t(o) is divided by 15?
13
Suppose 2 = 12*j - 10*j. Suppose w - 2*o - 23 = 3*o, 250 = 5*w + 2*o. What is the remainder when w is divided by 6/((-12)/(-50))*j?
23
Let v(d) = -d**2 - 12*d - 1. Let n be v(-11). Suppose 0 = -2*p - 5*z - 6, -5*p - z = -n*p + 39. What is the remainder when 18 is divided by p?
4
Let h = 1 + 3. Suppose -r - 5 = h. Let g = 20 + r. What is the remainder when 20 is divided by g?
9
Suppose z = 10 + 8. Let i = 44 - z. Suppose -t - 7 = -5*q + i, 0 = q + 3*t - 13. What is the remainder when q is divided by 4?
3
What is the remainder when (7/(-7))/(8/(-232)) is divided by 4/(-18) - (-274)/18?
14
Suppose -24*b + 25*b = 15. Calculate the remainder when 42 is divided by b.
12
Suppose 0 = 3*o - 2*o + 5*f - 13, -3*f + 15 = o. Let w = -17 + o. What is the remainder when w is divided by 1?
0
Suppose 5*i - 5 = 5. Suppose 4 = t + i. Suppose 4*p = t*p + 16. What is the remainder when 15 is divided by p?
7
Suppose -y + 3*y + 238 = 0. Let f = -74 - y. What is the remainder when f is divided by 16?
13
Suppose j - 73 = -i, i - 6*i = -5*j + 325. Calculate the remainder when j is divided by 10.
9
Let b(m) = -m**3 - 2*m**2 + 4*m + 2. Let w be b(4). Calculate the remainder when (w/4)/(-3)*6 is divided by 14.
11
Let r be ((-2)/(-6))/((-3)/9). Suppose 33 = 3*p + 3*a, 4*p - 4*a = 14 + 46. Calculate the remainder when (r - -37) + 3 + -3 is divided by p.
10
Suppose 0 = 6*j + 197 - 983. Calculate the remainder when j is divided by 33.
32
Let k = -5 + 8. Suppose 11 = k*b - 22. What is the remainder when b is divided by 6?
5
Let j(o) = o**3 + 6*o**2 - 8*o - 2. Let w be j(-7). Suppose 10 = w*s - 20. Calculate the remainder when 1*19 + (0 - 2) is divided by s.
5
Let v(u) = -4*u - 3. Suppose 0 = -8*x + 6*x - 22. Calculate the remainder when v(x) is divided by 22.
19
Let m = 33 - -14. Let y = -72 - -108. Suppose -3*d + 3*n = -y, 3*d + 0*n + 2*n - 56 = 0. Calculate the remainder when m is divided by d.
15
Suppose -f = -3*t + 8 - 1, -5*f + 30 = -2*t. Calculate the remainder when 31 is divided by f.
7
Let p = 79 - 72. Calculate the remainder when 11 is divided by p.
4
Let x = 19 - 8. Calculate the remainder when x is divided by 7.
4
Suppose -p - 2*p - 3*h = -15, -2*h - 6 = -2*p. Suppose 2*a - 2*l + p*l - 16 = 0, -4*l = 5*a - 39. What is the remainder when a is divided by 3?
1
Suppose 3*m - 8*m = -485. Suppose -2*r + 0*t - 2*t = -98, 2*r = -3*t + m. Calculate the remainder when r is divided by 4/(-14) - (-93)/7.
11
Let l(v) = -v**2 + 4*v + 4. Let b be l(3). Let x(p) be the second derivative of p**3/6 - 5*p**2/2 - 2*p. What is the remainder when 3 is divided by x(b)?
1
Suppose 98 = -781*m + 788*m. Suppose -g + 76 = g. What is the remainder when g is divided by m?
10
Suppose 3*w - 22 = 14. Let a(v) = -v**3 - 4*v**2 + v. Calculate the remainder when a(-5) is divided by w.
8
Suppose 3*v + 16 = 4*v. Suppose 0*o = -4*o - 32. What is the remainder when 8/(-32) + (-490)/o is divided by v?
13
Let b = 107 + -39. What is the remainder when b is divided by 10?
8
What is the remainder when 42 is divided by 3/(75/12 - 6)?
6
Let r be (2/4)/((-3)/36). Calculate the remainder when ((-2)/r)/((-2)/(-114)) is divided by 11.
8
Suppose 0 = -2*f - 2*f - 5*t - 235, -4*t = -5*f - 263. Let h = f + 83. Suppose 0 = -r + 27 + h. Calculate the remainder when r is divided by 19.
17
Suppose 5*i + 10 = 45. Let m = i - 7. Suppose m = 4*c + 4, -2*u + c + 15 = 0. Calculate the remainder when u is divided by 3.
1
Calculate the remainder when (15 - 12)*84/9 is divided by -1 + -1 + 12*1.
8
Suppose 2*u - 3 + 1 = 0. Let g(a) be the second derivative of 5*a**3/6 - a**2/2 + 3*a. What is the remainder when 15 is divided by g(u)?
3
Suppose -5*b - 5*x = -35, -2*x + 36 = 5*b + 13. Suppose -2*s = 2*q - 4 + 2, 4*s + 2*q = 8. Calculate the remainder when b is divided by s.
0
Let c = 0 - -3. Suppose -p + c = -2*p. Calculate the remainder when 3 - (-48 - 6/p) is divided by 13.
10
Suppose -17*u - 42 = -19*u. What is the remainder when 60 is divided by u?
18
Let x(l) = 9*l - 3. Let b be x(2). Suppose -3*h = b, 0 = v + h - 6*h - 70. Calculate the remainder when v is divided by 23.
22
Suppose y - 47 = -4*s, 4*s - 18 = 5*y + 11. What is the remainder when 19 is divided by s?
8
Let t = 28 + -17. Let p(z) = -2*z - 6. Let k(b) = b + 3. Let y(o) = 5*k(o) + 3*p(o). What is the remainder when t is divided by y(-9)?
5
Suppose -6*t - 225 = -t. Let s = 75 + t. What is the remainder when s is divided by 16?
14
Suppose 2*n - 23 = -4*o - 1, o - 2*n + 7 = 0. Suppose -k - 6 = -4*k, l - o*k = -10. Let q = l - -7. Calculate the remainder when 8 is divided by q.
2
Let v = 3 - 2. Suppose 9 - 93 = -7*s. Calculate the remainder when s is divided by (v + -3)*14/(-4).
5
Suppose -2*x + 13 - 67 = -4*o, 0 = -2*x - 6. Suppose 2*z - 160 = -2*z. Suppose -3*v = 2*n - 68, -n = v + 6 - z. What is the remainder when n is divided by o?
10
Let f = -6 - -7. Let d = -6 - -8. What is the remainder when d is divided by f?
0
Let f(t) = t**3 - 5*t**2 + 5*t - 1. Let w be f(4). Suppose 29 = m - 5*y, 3 = w*y - 0*y. Calculate the remainder when m is divided by 12.
10
Suppose -4*z + 56 = -2*z. Let b = -1 + 56. Let d = b - z. What is the remainder when d is divided by 7?
6
Suppose 0 = 2*q - n + 20, -4*n + n = -12. Let i = q - -24. Suppose 0 = -v - 3*c + 30 + 5, -4 = -2*c. What is the remainder when v is divided by i?
13
Let c = -36 - -53. What is the remainder when 65 is divided by c?
14
Let h = -34 - -49. Calculate the remainder when 25 is divided by h.
10
Let v = -35 - -25. Calculate the remainder when 59 is divided by (-41)/(-2) - (-5)/v.
19
Calculate the remainder when 127 is divided by (17 - 21) + (68 - 0).
63
Suppose 5*o - 51 - 4 = -r, -o = -5. Calculate the remainder when r is divided by 8.
6
Let o(m) = m**3 - 2*m**2 - 2*m + 2. Let q be o(3). Suppose -18 = -d - q. What is the remainder when 51 is divided by d?
12
Let m = 122 + -77. What is the remainder when 133 is divided by m?
43
Let c(a) = a**3 + 5*a**2 - 6*a - 1. Suppose -12 + 72 = 4*j. Calculate the remainder when c(-5) is divided by 147/j + (-2)/(-10).
9
Let p = 17 - 10. Suppose 0 = 3*b - 7*b + 16. What is the remainder when p is divided by b?
3
Suppose 5*i = 27 + 78. What is the remainder when (-1)/(1/(83*-1)) is divided by i?
20
Let g = -2 - -7. Suppose 0 = -h - h - 4*w + 108, -5*h = -g*w - 195. Suppose k + p - 20 = 0, 2*k = 2*p - 0 + 20. What is the remainder when h is divided by k?
14
Let i(q) = -8*q - 1. Let k be i(6). Let d = k + 18. Let h = -13 - d. Calculate the remainder when 52 is divided by h.
16
Let w = 49 - 0. Calculate the remainder when w is divided by (-2)/(12/34)*-3.
15
Suppose -8 = -2*r - 2. Let n = 2 - r. What is the remainder when 256/(-2)*n/2 is divided by 22?
20
Let u = 25 + -25. Suppose -3*h + 119 + 37 = u. Suppose 7*w - 2*w = 4*z - 52, 86 = 5*z - w. Calculate the remainder when h is divided by z.
16
Let p(g) = -15*g - 2. Let s be p(2). Let c = -8 - 4. Let w = c - s. Calculate the re